5*d**2 - 14*d + 7. Let y be v(14). Suppose 30 = -z + y*z. Is t(z) a composite number?
True
Let h be 6/(-5)*(-25)/15. Suppose 51 = h*y - 15. Is y prime?
False
Suppose 3*y - 2*s = y - 2, 3*y - 21 = -5*s. Suppose l - 4*l = 4*x - 49, 2*l - 34 = -y*x. Is l composite?
False
Is ((-6521)/(-5)*2)/((-18)/(-45)) a composite number?
False
Suppose -5*o + 2 - 12 = 0. Let c = 6 + o. Suppose 137 = c*t - 3. Is t a composite number?
True
Suppose 0 = 64*i - 69*i + 45. Let r(j) = -8*j**2 + 15*j - 2. Let h(q) = -41*q**2 + 76*q - 10. Let f(m) = 2*h(m) - 11*r(m). Is f(i) composite?
True
Let d = 48 + -44. Suppose 0 = w - 3*w + d, 0 = 4*c - 4*w - 1868. Is c a prime number?
False
Is 2 + (-11 - 1) + 2303 prime?
True
Let h(w) = 21*w - 2. Let q be -1 - (-36)/(4 + 0). Is h(q) prime?
False
Let p(o) be the first derivative of -o**4/4 + 19*o**3/3 + 5*o**2/2 - 13*o + 3. Let k be p(13). Let m = k + -395. Is m a composite number?
True
Is -9 - (5 + 7 + -19340) composite?
False
Suppose 28588 = 6*r + 8*r. Let c = r - 1411. Is c a composite number?
False
Let v(h) = 2*h**3 - 5*h**2 - 6*h - 1. Let z(d) = -2*d + 2*d + 0 + 2*d + 5. Let f be z(0). Is v(f) prime?
False
Let g = -43494 - -99341. Is g prime?
False
Suppose -5*z = -3*l - 0*z + 95, 4*z - 183 = -5*l. Suppose 34*d - l*d + 553 = 0. Is d a composite number?
True
Let y = 9374 - -1729. Is y prime?
False
Is 175760/10 - 21/(3/1) prime?
True
Suppose 11*q = -127 - 93. Suppose -2*g + 1 = -1. Is (-4064)/q - g/5 a prime number?
False
Suppose 2*i + 3 = -2*u - 3, 4*i + 18 = -u. Let q = 396 + -123. Suppose 0 = u*c - q + 11. Is c a prime number?
True
Suppose 3*w = -4*w + 175. Suppose -6*s = -w - 11. Is ((-2)/s)/((-3)/2709) a composite number?
True
Suppose 41 = a + 45. Is (-2)/3*((-23849)/14 - a) prime?
False
Let b(q) = -36*q**3 - 32*q**2 + 5*q + 25. Let h(t) = -12*t**3 - 11*t**2 + 2*t + 8. Let u(w) = -4*b(w) + 11*h(w). Is u(5) prime?
False
Let b = 472 - -79. Suppose -t = -5*c - 871, b + 1191 = 2*t - 4*c. Is t a composite number?
True
Let c = 12884 + -9051. Is c a prime number?
True
Is (-8)/(0 + 2) - (-5478802)/266 a composite number?
False
Let u be (-11)/(-5) + (-5)/25. Suppose -5*i - 484 = -3*a, 0 = -2*a - 2*i - u*i + 330. Is a a prime number?
True
Suppose -2*p = 16 - 26. Suppose -p*w + 3201 = -2*w. Is w a composite number?
True
Suppose -3 + 0 = -q. Suppose q*b - 281 - 328 = 0. Is b a composite number?
True
Suppose -618 = -4*o + a, 2*o + 4*a + 22 = 340. Let h = -93 - -263. Suppose 5*g = h + o. Is g a composite number?
True
Let b(v) = -146*v + 6. Let k be b(-5). Let z = k + -427. Suppose o = f - 123, 4*f + 4*o - z = 215. Is f a prime number?
True
Suppose 3*j + n - 22 + 60 = 0, 56 = -4*j - 4*n. Let y(x) = -12*x**2 + 7*x - 8. Let g be y(-10). Is g/j*8/6 composite?
True
Let u = -8 - -12. Let w(d) = d**2 - 8*d - 16. Let k be w(-4). Suppose 108 = u*q + k. Is q prime?
True
Suppose -2*i - 3*i + 25 = 0. Let r = 323 + -318. Suppose y - 142 = -3*y - 5*g, -r*y - i*g + 180 = 0. Is y a composite number?
True
Let a(v) = -27*v + 5. Let f(r) = -53*r + 11. Let q(b) = -5*a(b) + 3*f(b). Let k be q(5). Is (185/(-20))/(4/k) prime?
False
Let f(r) be the second derivative of -1/2*r**2 - 19/10*r**5 - 5*r + 0*r**4 + 1/6*r**3 + 0. Is f(-2) composite?
True
Let a(k) = -16*k - 8. Let v be a(-7). Is 78/v - (-4033)/4 a composite number?
False
Let q(x) = 39*x**2 + 5*x + 7. Let o(g) = g - 1. Let y be o(6). Is q(y) a prime number?
False
Let i(l) be the second derivative of l**6/40 + l**5/12 - l**4/24 - 2*l**3 + 11*l**2/2 + 7*l. Let k(y) be the first derivative of i(y). Is k(7) composite?
True
Let z(t) = 3*t**2 + 3*t - t**3 - 2*t**2 + 4*t**2 - 7. Let r be z(3). Let i = r - -11. Is i prime?
True
Let w(j) = 14*j**2 + 28 + 11*j + 22 - 30 + j**3. Is w(-9) prime?
False
Let c = 129679 + -75120. Is c prime?
True
Let q = -14663 + 20560. Is q composite?
False
Is 30824/32 + 8 + 2/(-8) a prime number?
True
Let b be (-9)/12*(-181 + 1). Suppose 0 = 4*r - 7*r + b. Suppose o - 4*g - r = -0*g, 2*g - 75 = -o. Is o prime?
False
Let w = -4 - -4. Let a = -12 - w. Is 373/7 + a/42 a prime number?
True
Is (384792/96)/(9/(-6))*-6 a prime number?
True
Suppose -4*u = 2*z + 3*z - 3974, 0 = -2*u + 5*z + 1972. Is u a prime number?
True
Suppose -s = -2*a + 23475, 4*a - 9260 = -s + 37681. Suppose 2*q + 8797 = 3*y, -4*y - 4*q + a = -0*y. Is y a prime number?
False
Is (77118/(-12))/((-3)/18) composite?
True
Suppose b - 3*u - 20561 = 0, -25*b + 3*u = -22*b - 61707. Is b composite?
True
Let k(m) = 2*m**3 + 95*m**2 + 42*m - 45. Is k(-44) a prime number?
False
Suppose 18*u - u - 68 = 0. Suppose 2*v = 2*d + 1160 + 930, -4212 = -u*v - 4*d. Is v a prime number?
True
Suppose 2*g = -4*g + 504. Is (g/(-48) + (-6)/8)*-122 a composite number?
True
Suppose 7*x - 30*x + 9706 = 0. Is x a composite number?
True
Let r = -76 + 76. Let i(n) = n**2. Let j(p) = -5*p**2 - 21. Let k(o) = -6*i(o) - j(o). Is k(r) a composite number?
True
Suppose -4*m + 2778 = -2218. Is m prime?
True
Suppose 3*p - 3*o - 47 = -o, -2*p = 3*o - 40. Let s = 18 + p. Suppose s = 3*w - 2*w. Is w a composite number?
True
Let r(b) = -459*b - 11. Let s be r(6). Let d = 852 + s. Let g = -696 - d. Is g prime?
True
Let h be 28/8 + (-1)/(-2). Suppose h*y = 2*y - 8. Is ((-24)/(-4))/(y/(-94)) prime?
False
Let g(z) = -3*z**3 - 68*z**2 - 20*z + 12. Is g(-27) composite?
True
Suppose -328 = 51*o - 47*o. Let n = o - -779. Is n composite?
True
Let t be ((-1)/3)/(11/(-132)). Suppose -242 = -2*y - 4*m - 0*m, -t*y = -4*m - 520. Is y prime?
True
Let y(u) = -5*u - 57. Let f be y(-17). Suppose 3*a + 3904 = l, -f = 4*a - 8. Is l composite?
False
Suppose -28533 = -26*q + 682021. Is q prime?
True
Suppose 6*t + 3868 = 20542. Is t a composite number?
True
Let o(y) = -35*y**3 + 4 - 22*y**3 + 0*y - 3*y**2 + 67*y**3 - 2*y - 1. Let r = -1 - -5. Is o(r) prime?
True
Suppose 12772 + 1573637 = 33*m. Is m a composite number?
False
Let q(a) = 8*a**3 + 4*a**2 - 2*a - 2. Let h be q(-3). Let g be (-32)/h + (-62)/(-22). Suppose g*m - 188 = m. Is m a composite number?
True
Let w(k) = 113*k**2 - 14*k - 85. Is w(-18) prime?
True
Suppose 0 = 19*k - 80869 + 29151. Is k prime?
False
Is 3037 + (3 + -3 - -4) a composite number?
False
Let y(w) = 3*w**2 + 2*w - 7. Let b be y(6). Let q = b - -29. Is q a prime number?
False
Suppose 2*g + 4*n = 6150, 18*g - 17*g - 3*n = 3085. Is g prime?
True
Let y be 21*(0 + (-6)/(-9)). Suppose 2*w + i = 10, -y = -4*w - 0*w - 5*i. Is 627/w - (-12)/8 prime?
False
Let p(o) = 2*o**3 - 2*o + 13. Let w be p(3). Suppose 3 = -3*q, -273 = -3*x + q + 406. Suppose x + w = 5*t + 2*b, 2*t = 2*b + 126. Is t prime?
True
Let w(z) be the second derivative of z**3/6 + 17*z**2/2 - 4*z. Let h be w(-14). Suppose -4*n + 2*n + 747 = h*k, -k + 4*n = -235. Is k a composite number?
True
Let f = 132 - 294. Let y = f + 281. Is y a prime number?
False
Let v = -97 - -102. Suppose 0 = 2*j - v*f - 1829, 0*f + 904 = j + f. Is j prime?
True
Let m(h) = 3*h**2 + 3*h. Let r = 12 + -6. Let a be m(r). Suppose z - a = -47. Is z prime?
True
Suppose -w = 3*f + w - 34, 0 = -f - 2*w + 10. Is (6 + (-68)/f)/((-2)/(-2874)) a composite number?
False
Let y = 7985 - 2896. Is y composite?
True
Suppose v = -192 + 1341. Suppose v = 3*g + 12. Is g composite?
False
Let v(l) = -l**2 + 6*l + 7. Let m be v(8). Let p = m - -13. Suppose 7*d - p*d = 57. Is d composite?
False
Let u = -513 + 769. Let g = 609 - u. Is g prime?
True
Is ((-111884)/(-14) - -1) + (-6)/(-21) composite?
False
Is 2*41/8*39064/38 prime?
False
Let q(p) = 190*p**2 - 4*p - 4. Suppose -i = -2*f - 0*f - 11, -5*i + 40 = -5*f. Let h be q(f). Suppose h = 3*b + 209. Is b a prime number?
True
Let o be 1151 + 1*(0 + -3). Let n = 1627 - o. Is n composite?
False
Let z(k) = k**3 + 20*k**2 - 4*k - 118. Is z(-19) prime?
False
Suppose -4*x - p - 12209 = 0, -4*x + 2*p - 12212 = 6*p. Let f = x - -6599. Is f a prime number?
True
Let m be (-10)/5 - (-6 - 0). Suppose -m*b = -4*y + y - 343, -4*b - 5*y = -367. Suppose -b = 3*u - 7*u. Is u a composite number?
True
Suppose -2*u = 4 - 10. Suppose -u*w - 4616 = -11390. Suppose -w = -5*g - 363. Is g a prime number?
True
Suppose -w + 5 + 26 = 0. Let x(a) = a + 132. Let b be x(0). Suppose g - b = w. Is g a composite number?
False
Let w be ((-1)/(-1) - -1) + 959 + 13. Let b be (-2)/4*(-2 + -4). Suppose b*p - p = w. Is p composite?
False
Let 